{"id":205,"date":"2020-05-17T18:16:45","date_gmt":"2020-05-17T18:16:45","guid":{"rendered":"https:\/\/easyvisiting.de\/?page_id=205"},"modified":"2020-05-17T18:16:45","modified_gmt":"2020-05-17T18:16:45","slug":"zukunft","status":"publish","type":"page","link":"https:\/\/easyvisiting.de\/?page_id=205","title":{"rendered":"Zukunft"},"content":{"rendered":"\n<p>Folgende Dinge sind in der App geplant:<\/p>\n\n\n\n<ul class=\"wp-block-list\"><li>L\u00f6schen von bereits angefertigten Bildern (in der App <a href=\"https:\/\/easytdd.de\">easyTDD <\/a>habe ich diese Funktion bereits von Anfang ber\u00fccksichtigt).<\/li><li>Fotom\u00f6glichkeit in der Z\u00e4hler-Activitiy.<\/li><\/ul>\n","protected":false},"excerpt":{"rendered":"<p>Folgende Dinge sind in der App geplant: L\u00f6schen von bereits angefertigten Bildern (in der App easyTDD habe ich diese Funktion bereits von Anfang ber\u00fccksichtigt).Fotom\u00f6glichkeit in der Z\u00e4hler-Activitiy.<\/p>\n","protected":false},"author":2,"featured_media":0,"parent":0,"menu_order":0,"comment_status":"closed","ping_status":"closed","template":"","meta":{"footnotes":""},"class_list":["post-205","page","type-page","status-publish","hentry"],"_links":{"self":[{"href":"https:\/\/easyvisiting.de\/index.php?rest_route=\/wp\/v2\/pages\/205","targetHints":{"allow":["GET"]}}],"collection":[{"href":"https:\/\/easyvisiting.de\/index.php?rest_route=\/wp\/v2\/pages"}],"about":[{"href":"https:\/\/easyvisiting.de\/index.php?rest_route=\/wp\/v2\/types\/page"}],"author":[{"embeddable":true,"href":"https:\/\/easyvisiting.de\/index.php?rest_route=\/wp\/v2\/users\/2"}],"replies":[{"embeddable":true,"href":"https:\/\/easyvisiting.de\/index.php?rest_route=%2Fwp%2Fv2%2Fcomments&post=205"}],"version-history":[{"count":1,"href":"https:\/\/easyvisiting.de\/index.php?rest_route=\/wp\/v2\/pages\/205\/revisions"}],"predecessor-version":[{"id":206,"href":"https:\/\/easyvisiting.de\/index.php?rest_route=\/wp\/v2\/pages\/205\/revisions\/206"}],"wp:attachment":[{"href":"https:\/\/easyvisiting.de\/index.php?rest_route=%2Fwp%2Fv2%2Fmedia&parent=205"}],"curies":[{"name":"wp","href":"https:\/\/api.w.org\/{rel}","templated":true}]}}